l(z) - 2*x(z). Let q be w(3). Let s be 5/2*q*1. Let j(y) = -y**3 + 5*y**2 + 2. Determine j(s).
2
Let l(x) = -x + 4. Let f = 3 - 4. Let q be ((-2 - f)*4)/1. Give l(q).
8
Let z(d) = d + 7. Let k(x) = -3*x**2 - 14*x + 2. Let b(o) = o**2 + 7*o - 1. Let s(f) = 5*b(f) + 2*k(f). Let r be s(6). Let w = r - 8. Give z(w).
4
Suppose 6*q - 9 = 9. Let s(a) = a**2 - 2*a - 4. Determine s(q).
-1
Suppose 0*t + 3*t = 27. Suppose -5*v - 18 = a, -3*v - a - t = 3. Let y(r) = -r**3 - 3*r**2 - 2*r + 1. What is y(v)?
7
Let i(z) = -z - 10. Let g be i(-7). Let h(v) = -v**3 - 3*v**2 - v - 3. What is h(g)?
0
Let z(m) = m + 4 - 3*m**2 + 2 - 5. What is z(2)?
-9
Let t(f) = f**2 + 2*f. Let b be (-4 + 8)*2/4. Suppose -6 = x - b*x. Suppose -2*q + 0 = x. What is t(q)?
3
Let u(c) be the second derivative of -c**5/20 - c**4/4 + 2*c**3/3 + 3*c**2/2 + c - 54. Let b be ((-2)/4)/((-1)/(-8)). What is u(b)?
3
Let q(o) = 2*o**2 + 3*o + 3. Let f be q(-2). Let t = 0 + f. Let m(h) = h**3 - 5*h**2 - h + 2. Give m(t).
-3
Suppose 0 + 4 = 2*z. Let y(k) = -k - 1. Determine y(z).
-3
Let a(u) = u**2 - 4*u + 1. Suppose n = 3*n - 18. Suppose -2*w - 5*y + 22 = 0, 0 = 5*y - 7 - 3. Let q = n - w. What is a(q)?
-2
Let h be (-4)/(-3) - (-2)/(-3). Let w(i) be the first derivative of 1 - i + h*i**3 - i**2 + 1/4*i**4. Give w(-3).
-4
Let h(x) = 1 - 2*x + 4*x + 2 - 5*x. Let j = 3 + -6. Calculate h(j).
12
Suppose -r = 2*r + 3*v + 15, 5*v = -4*r - 23. Let c(z) = -3*z**2 - 3*z - 4. Let d(q) = -10*q**2 - 8*q - 13. Let s(a) = 7*c(a) - 2*d(a). Give s(r).
4
Let c(f) be the first derivative of f**5/120 + 5*f**4/24 + 8*f**3/3 - 8. Let g(t) be the third derivative of c(t). What is g(-6)?
-1
Let c(r) = r**2 + 5*r - 2. Suppose 4*k - 2*k = -14. What is c(k)?
12
Let b be (12/(-4) - -5) + -1 + 1. Let t(w) be the second derivative of 0*w**2 + b*w - 1/6*w**4 - 2/3*w**3 + 0. Calculate t(-3).
-6
Suppose v + 2 = 3*h, 2 = -3*h + 4*v - 2*v. Let b = -1 + h. Let f(o) be the first derivative of o**4 - o**3/3 - 2. What is f(b)?
3
Let k(r) be the first derivative of -r**5/24 + r**4/24 - 4*r**3/3 + 3. Let i(c) be the third derivative of k(c). Calculate i(-1).
6
Let l = 3 - 2. Let f(r) = 5*r**2 - 12*r - 6. Let u(t) = -t**2 + t + 1. Let q(g) = l*f(g) + 6*u(g). What is q(-5)?
5
Let n(f) = f - 9. Let h(z) = -z**2 - 9*z + 5. Let v be h(-9). What is n(v)?
-4
Let u(l) = 5*l - l**3 - 4*l**2 - 1 - 1 + 5. Let s be (1 + -10)*1/(-3). Let m be -5 - 0*(2 - s). Determine u(m).
3
Let o(v) = -16*v**2 - 10*v - 10. Let n(l) = 3*l**2 + 2*l + 2. Let q(h) = 11*n(h) + 2*o(h). What is q(-4)?
10
Let d be (5 - 126/35)/(1/(-5)). Let c(w) = w**3 + 6*w**2 - 5*w + 10. Determine c(d).
-4
Let d = -4 - -6. Let w(x) = 8*x + 3 + 7*x - 20*x. What is w(d)?
-7
Let v(q) = -4*q**2 + 2*q - 1. Let c be (12/(-15))/((-4)/10). Let p = c - 2. Let b be (p + (-1)/(-1))*1. Give v(b).
-3
Let c(u) = 5*u**2 + 10*u + 9. Let f(z) = 2*z**2 + 5*z + 4. Suppose -o - 6 - 1 = 0. Let q(x) = o*f(x) + 3*c(x). What is q(4)?
-5
Let x(h) = h - 5. Suppose 0 = 5*v + g - 4, -g + 4 = -0*g. What is x(v)?
-5
Let n(a) = -a + 1. Let s be n(1). Let o(d) = 7 - 2*d**2 + 4*d**2 - d - 3*d**2. What is o(s)?
7
Suppose 2*v - g = 3, 6 = -3*v + g + 4*g. Let u(d) = 6*d**2 - d + 1. Let h(x) = -x**2 - x. Let a(b) = -5*h(b) - u(b). Calculate a(v).
8
Let m(o) = -3*o**3 - 1. Suppose 0 = 3*z + 2*h + 15 + 5, -2*z + 12 = -5*h. Let b(k) = -2*k - 6. Let s be b(z). Let f = 1 - s. Calculate m(f).
2
Let m(d) = d**3 + d**2 - d. Let r(b) = 5*b**3 + b**2 - 9*b - 1. Let n(z) = 6*m(z) - r(z). What is n(-4)?
5
Let f(p) be the second derivative of 1/2*p**3 - 2*p - 1/8*p**4 - 1/2*p**2 + 0. Let c(m) be the first derivative of f(m). Determine c(2).
-3
Let z(a) = a**2 - 1. Let u(b) = b**2 + b - 4 - 3*b**2 + 4*b**2. Let r(d) = -u(d) + 3*z(d). Let y be 2/3 + (-1)/(-3). Determine r(y).
1
Let x(n) = n**3 + 5*n**2 + 5*n + 4. Let l(v) = 10*v**2 + 5*v + 5*v + 12 + 2*v**3 - 4. Let u(r) = -3*l(r) + 5*x(r). Calculate u(-4).
0
Let u(h) = -h. Suppose -k - 1 = -5. Give u(k).
-4
Let j(y) = -y**3 - y**2 + y + 1. Let k(a) = -2*a**3 + 2*a**2 + 6*a + 3. Let x(c) = -3*j(c) + k(c). Calculate x(-4).
4
Let g(q) = -5*q**3 - 9*q**2 + 8*q - 7. Let m(r) = r**3 + r**2 - r. Let a(i) = g(i) + 4*m(i). Calculate a(-6).
5
Let n = -24 + 26. Let c(d) be the first derivative of 1/4*d**4 - 2/3*d**3 + 1 + 1/2*d**2 - 2*d. What is c(n)?
0
Let c(k) be the third derivative of 1/12*k**5 - 1/120*k**6 + 2*k**2 + 0*k - 2/3*k**3 + 1/24*k**4 + 0. What is c(5)?
1
Let k(l) be the second derivative of 3*l**3/2 + l**2/2 - 9*l. What is k(2)?
19
Let j(h) = -5*h**2 - h + 6. Let x(r) = -11*r**2 - 2*r + 13. Let t(w) = -13*j(w) + 6*x(w). What is t(0)?
0
Let z(g) be the first derivative of -g**2/2 + 7*g + 2. Let h be z(7). Suppose 1 + h = y. Let x(s) = 2*s - 1. Give x(y).
1
Let o(h) = 4*h**2 - 11*h - 21. Let f(n) = n**2 - 3*n - 5. Let i(d) = -9*f(d) + 2*o(d). Let y be ((-2)/3)/((-3)/9). Suppose 0 = -y*v - 1 + 9. What is i(v)?
7
Let v(m) be the second derivative of -m**3/3 - m**2/2 + 11*m. Give v(1).
-3
Let y(d) = 22*d**2 - 23*d**2 - 3*d - 2*d + d**3 + 3. Give y(3).
6
Let s = 22 - 20. Let q(k) = -k. What is q(s)?
-2
Let l(s) = s**2 + 4*s - 6. Let m be l(-5). Let r(j) = -2*j. Let w be r(m). Let u(v) = -4*v + 0*v + 3*v - 3*v**2 + 2 + 2*v**3. What is u(w)?
4
Let a(r) = 0*r + 2 + r + 4 - 2. Calculate a(-4).
0
Suppose -3*v + 8 = b, 2*b = 2*v - 3*b + 6. Let w(x) = 0*x**2 + 0 + 4*x + 3*x**v + 2. What is w(-2)?
6
Let v(d) be the third derivative of d**4/24 - d**3/6 - d**2. Let j(x) = -5*x + 3. Let u(r) = -j(r) - 2*v(r). Let f be (-4)/14 - 18/(-14). Determine u(f).
2
Let x(r) = -r**2 - 9*r + 3. Let s be x(-10). Let v(k) = -k - 14. What is v(s)?
-7
Let j(b) = -4*b + 7. Let n(u) = 3*u - 8. Let y(q) = -4*j(q) - 5*n(q). What is y(-6)?
6
Let m be (130 - 4)/((-6)/(-4)). Let g(i) = 2 - 86*i**2 + m*i**2 - 3 + i. What is g(1)?
-2
Let z(a) = -a**2 + 12*a - 33. Let v be z(7). Let t(j) = -2*j + 1. What is t(v)?
-3
Let n = -3 + 7. Suppose -s - n*q + 0 = 3, s - 4*q + 3 = 0. Let j(x) = -4*x**2 - 5*x. Let z(l) = 5*l**2 + 5*l. Let t(u) = 4*j(u) + 3*z(u). What is t(s)?
6
Let o(a) = a**3 + 6*a**2 + 5*a + 2. Let m(i) = -i**3 + 2*i**2 - 4*i + 3. Let q be m(2). What is o(q)?
2
Suppose -3*d + 9 = -3. Let r = -1 + d. Let m(w) = 1 + 2 - 3*w + 5*w**2 - 4*w**2. Calculate m(r).
3
Let j be 24/10 + 3/5. Let u = 4 - j. Let c(k) = -5*k + 1. Give c(u).
-4
Let j = 8 + -3. Let z(f) = -j*f + 3*f - 3*f - f + 1. Determine z(1).
-5
Let b(s) be the first derivative of -s**4/4 - s**3 + 3*s**2/2 + 20. Give b(-3).
-9
Let t be (20/50)/((-2)/(-10)). Let f(j) = 2*j - 1 + j + t - 3. What is f(3)?
7
Let v(d) = -7*d - 1 + d**2 - 2*d + 4*d - 4*d. What is v(8)?
-9
Suppose g - 20 = 5*g. Let a be 40/100*(1 + 4). Let q be g*1/2*a. Let x(k) = -k - 6. Calculate x(q).
-1
Let y(p) = 6*p - 2. Let n(j) = 6*j - 2. Let r(l) = 7*n(l) - 6*y(l). Give r(-2).
-14
Let z(r) be the third derivative of -r**7/840 - r**6/120 + r**5/24 - r**3/3 + r**2. Let t(j) be the first derivative of z(j). What is t(-4)?
-4
Let u(s) = 5*s. Let f be 1*2*(-10)/(-4). Suppose -2*d + 2 = 2*y, f*y + d - 16 + 3 = 0. Let t(z) = 4*z. Let x(n) = y*t(n) - 4*u(n). Give x(1).
-8
Let v(k) = -5*k. Let n(y) be the first derivative of -135*y**2/2 - 4. Suppose 0 = -5*c - 191 - 84. Let u(p) = c*v(p) + 2*n(p). Determine u(1).
5
Suppose 5 = -v + 9. Let z(m) = 4. Let t(u) = u - 5. Let i(q) = v*z(q) + 3*t(q). What is i(-6)?
-17
Let s be ((-12)/(-10))/((-12)/40). Let t(j) = -j - 3. What is t(s)?
1
Let r(h) = 5*h**2 + 1. Suppose -2*j - 3*j = -40. Suppose -2*q = -k + 3, -2*q + 4*k - j*k = -2. Calculate r(q).
6
Let p be 46/14 + (-2)/7. Let z be (0/(-2))/2 + 0. Let l(j) = -1 - j + 4 + 2*j**2 + z*j - 2*j. What is l(p)?
12
Let n be 30/(-4)*(-6)/5. Let j be 4/18 - (-16)/n. Let x(h) = 2*h - 2 - h**j + 5 + h. Give x(4).
-1
Let d(w) = -5*w. Let m(f) = -3*f**2 - f + 3. Let k be m(1). Calculate d(k).
5
Let c(m) be the second derivative of m**4/12 + m**3/6 + m**2/2 - m. Let g(p) = -p + 5 - 1 - 1. Let v be g(5). Calculate c(v).
3
Let n(r) be the second derivative of 5*r**4/4 + r**2/2 - 8*r. What is n(-1)?
16
Let n(y) = y**3 + 3*y**2 + 1. Let r be n(-3). Let b(j) = -2*j - 2. Let f(s) = -4*s - 5. Let k(m) = 5*b(m) - 2*f(m). Calculate k(r).
-2
Let y(x) be the first derivative of -x**4/4 - 2*x**3 - x**2/2 - 2*x - 65. Suppose -v - 